 13.
13
Suppose 0 = -g, -5*a - g = -0*g - 75. Let z be a - (-2 - -1) - -1. Let u = -169 - -288. What is the greatest common divisor of u and z?
17
Suppose 12 = 5*w - 8. Let v(c) = 4*c - c - 2 - c. Let d be v(w). Calculate the highest common divisor of d and 30.
6
Let x = 13 - -1. Suppose i - 45 - 38 = 0. Let f = 195 - i. Calculate the highest common divisor of f and x.
14
Suppose -4*d + 144 + 76 = 0. Suppose -x = -6*x + 670. Suppose -44 = -2*p - c, 4*p - x = 4*c - 46. Calculate the greatest common factor of d and p.
11
Let p = -20 - -28. Calculate the greatest common divisor of 56 and p.
8
Suppose -3 = -4*r + r + 3*y, -3*y + 3 = -2*r. Let l = 9 + -7. Suppose -3*b = l*b, -j - 3*b + 66 = 0. Calculate the greatest common divisor of r and j.
6
Let g = -22 + 31. What is the highest common divisor of 18 and g?
9
Suppose 2*z - 2*o = 4*z - 126, 4*o + 228 = 4*z. Let g be z/9 - 2/(-6). Calculate the highest common divisor of 7 and g.
7
Suppose -2*y = 4*o + 1 - 3, 5*y + 3*o - 19 = 0. Let v be 5/((-25)/(-12))*y. Let x be (v/(-4))/((-6)/208). Calculate the greatest common factor of x and 13.
13
Let p be 0 - (2 + (-6)/1). Let g = p + -2. Suppose 3*z + 0*z = 66. Calculate the greatest common divisor of z and g.
2
Let d(o) be the third derivative of -23*o**4/12 + o**3/6 + 2*o**2. Let y be d(-5). Calculate the highest common divisor of 21 and y.
21
Let y be 11/(-6)*-3*2. Suppose n - 4*q + y = -q, 0 = -n - 2*q + 4. Let f = 4 + n. What is the greatest common factor of f and 2?
2
Let u be (14/6)/((-24)/(-216)). Calculate the greatest common divisor of u and 3.
3
Let z be 6/(-2) + 22/2. Let j be (22/8)/(2/z). Let g = 5 - -17. What is the greatest common factor of j and g?
11
Let p = 39 - 20. Suppose -94 = -s + 58. Calculate the highest common factor of s and p.
19
Let l = 84 + -64. What is the highest common factor of l and 60?
20
Let y be 4 - ((-4)/(-16) + 1/(-4)). Let d(k) = 4*k - 4. Let f be d(3). Calculate the highest common divisor of y and f.
4
Let o be 6/(-14) + (-42)/(-98). Suppose -6*y + 4*y + 48 = o. What is the greatest common factor of 168 and y?
24
Let f(a) = 2*a. Let y be f(6). Let r = 30 - y. Let g be r/((12/(-15))/(-2)). Calculate the greatest common divisor of g and 9.
9
Suppose z = -1, -m + 2 = 4*z - 5. What is the greatest common divisor of 77 and m?
11
Suppose 0*l - 2*l = -160. Let o = 35 - 19. Calculate the greatest common factor of o and l.
16
Let k be 0/2 + 16/4. Let y = -2 + k. What is the highest common divisor of 6 and y?
2
Let k be 10/25 - 447/5. Let s = -49 - k. Calculate the highest common factor of 16 and s.
8
Suppose -36 = 3*q - 4*q - 3*u, -4 = -2*u. Let h be 1/(-4) + 147/12. Calculate the greatest common factor of h and q.
6
Let t be (-3)/(-9) - 88/(-6). Let m be 7 + -2 + (1 - 1). Suppose 4*c - 132 = -4*r, 0*r = -2*c - m*r + 75. Calculate the highest common factor of t and c.
15
Let u = 48 + -14. Let m(v) = 6*v**2 + 4*v + 5. Let z be m(-4). Calculate the greatest common factor of u and z.
17
Suppose 0 = 4*i + 4*o - 24, 3*o - 11 = -4*i + 10. Let j = i + 12. Let x = 18 - 12. Calculate the greatest common factor of x and j.
3
Suppose 2*o = -o + 5*t + 140, 0 = -3*o - 5*t + 130. Calculate the greatest common divisor of 18 and o.
9
Suppose 0 = -4*p + 34 + 42. What is the greatest common factor of 95 and p?
19
Suppose 5*k - 335 = 5. Let t(g) = g - 11. Let j be t(9). Let v be j/(-1) + k/2. Calculate the highest common divisor of 24 and v.
12
Suppose 5*w = -2*p + 30, p - 21 = -3*w - w. Suppose -1 = w*z - 5*z. Calculate the greatest common factor of z and 6.
1
Let u(v) = -v**2 - 6*v + 10. Let l be u(-7). What is the highest common factor of 2 and l?
1
Let i(g) = -4*g**3 - 2*g**2 + 3*g + 2. Let s be i(-4). Let z = s - -28. What is the greatest common divisor of 22 and z?
22
Let f(s) = -5*s**2 - 5*s. Let w be f(-5). Let v be 4/(-18) + w/(-45). Calculate the greatest common divisor of 14 and v.
2
Suppose -27 - 97 = -4*k. Let x = -9 + k. What is the greatest common divisor of 33 and x?
11
Suppose 0 = 2*r - 4*r + 108. Calculate the greatest common factor of 18 and r.
18
Let o be (7/(-1))/(-3 - -2). Let u(y) = 2*y - 6. Let r be u(o). What is the highest common factor of 12 and r?
4
Let u(i) = -i**2 + 9. Let o = -4 - -4. Let c be u(o). Calculate the highest common divisor of c and 6.
3
Suppose -16 = -5*m - 6. Suppose -12 = 4*k, k = -2*r + m - 1. Let i be 5 - r - 1/1. What is the highest common divisor of 16 and i?
2
Suppose -17*m = -11*m - 24. Calculate the greatest common divisor of m and 108.
4
Suppose 0 = -4*d + 5*r + 584, -r + 282 = 5*d - 419. Suppose y + 3*t = d, y - 2*t - 137 = -3*t. Calculate the greatest common divisor of 15 and y.
15
Suppose 0 = -5*i, -13 - 9 = -2*m - 3*i. Let q be (77/(-2))/((-4)/8). What is the greatest common factor of q and m?
11
Suppose i = 1, 4*o + 0*o + 5*i + 11 = 0. Let y be 0/((-2)/(o/(-2))). Suppose y = -2*u + 14 + 116. What is the greatest common divisor of 13 and u?
13
Let y be (1 + 130/(-4))*(-4)/6. Calculate the highest common divisor of y and 147.
21
Suppose 40 + 23 = 7*t. What is the greatest common factor of 72 and t?
9
Let b be (-11 - -3)/2*390/(-8). What is the highest common divisor of 15 and b?
15
Suppose 109 + 1 = 2*z. Let p be 16 + 1*(-2 + 1). Suppose -10 = -5*i + p. What is the greatest common factor of i and z?
5
Let x = 74 + -51. Let i = -5 - 1. Let a be 3/i*(1 - x). What is the greatest common divisor of 1 and a?
1
Suppose -75 = -10*d + 5*d. Let v = d - 5. Let a(b) = b**3 + 2*b - 2. Let r be a(2). What is the highest common factor of v and r?
10
Let m be 3/(6*5/170). What is the greatest common divisor of m and 170?
17
Let c be 0 - 8/(-20) - 1464/(-15). What is the greatest common factor of c and 14?
14
Let b(c) = -c - 5. Let q be b(-5). Suppose -v + 7*g - 2*g + 3 = 0, q = -4*v - g + 33. What is the greatest common factor of v and 8?
8
Let m(r) = 9*r + 74. Let l be m(-8). Suppose -t + 6*t - 20 = 0. Suppose 3*p = -l*q + 5*q - 75, -t*p = 3*q - 96. What is the greatest common divisor of q and 4?
4
Let q = 131 - 44. Calculate the highest common factor of q and 29.
29
Let f(i) = i**2 - 4. Let b be f(-4). Let v = -5 + b. Let y be ((-51)/204)/(1/(-28)). What is the greatest common factor of v and y?
7
Let p be 3 + (0/(-1) - -2). What is the greatest common factor of p and 20?
5
Suppose -5*x + 57 + 48 = 0. Calculate the greatest common divisor of 14 and x.
7
Suppose x - 2 = -3. Let p be (x - 1) + 8 - 2. Suppose -p*g + 89 = -7*n + 2*n, 0 = -3*g + 4*n + 68. What is the highest common factor of 128 and g?
16
Suppose 4*n - 2*y = -0*y + 262, 2*y = -2*n + 134. What is the greatest common divisor of 6 and n?
6
Let s be ((-25)/(-5))/(1 + 0). Let p = 1 + -1. Suppose r - 56 = -p*r + 5*i, 168 = s*r + 3*i. Calculate the greatest common factor of 12 and r.
12
Let r(u) = u**3 + 10*u**2 - 12*u + 10. Let s be r(-11). What is the highest common divisor of 21 and s?
21
Suppose 17 = 3*o - w, -3*o + 3*w = -0*o - 21. Suppose -5 = -5*v - 3*j, 5*v + o*j - 5 = j. What is the highest common factor of v and 4?
1
Let l be (2/2)/(7/28). Let h = 2 - 7. Let j(a) = -6*a - 2. Let d be j(h). What is the greatest common divisor of d and l?
4
Suppose n - 2*n + 17 = 0. Let c = 16 + n. Suppose 2*o = -18 + 62. Calculate the greatest common factor of c and o.
11
Let z = -4 + 5. Let r be z + 9 + (-4 - -2). Calculate the greatest common divisor of 2 and r.
2
Let u = 60 + -39. Suppose h - 49 = u. What is the greatest common divisor of h and 7?
7
Let n = 0 + 9. Suppose -c + n = 2*c. Let z(x) = -x**2 - 8*x - 3. Let s be z(-5). Calculate the highest common divisor of c and s.
3
Suppose -6*q + 226 - 34 = 0. What is the highest common factor of 8 and q?
8
Let j be (-56)/(7/((-21)/2)). What is the greatest common divisor of j and 4?
4
Suppose 4*f = 1 + 11, 4*f - 37 = -5*c. What is the highest common factor of c and 2?
1
Suppose 3*y + 2*y - 80 = 0. Suppose 4*p - 8 = y. Calculate the greatest common divisor of p and 1.
1
Suppose -6*f + f = 2*i - 8, -5*i + 20 = -5*f. What is the greatest common divisor of i and 8?
4
Suppose j = 4*j + t - 375, -12 = 4*t. What is the greatest common divisor of j and 18?
18
Let w = -63 + 108. Suppose -4*t = -2*t + 3*g - 30, g + 20 = t. What is the highest common factor of t and w?
9
Let h = 30 + -16. Calculate the highe